0064
In base 15, what is -522 + -1774d?
-17c70
In base 14, what is -75 + -400db?
-40172
In base 9, what is 5452288 + 53?
5452352
In base 3, what is 2001210 - -12100110010?
12102111220
In base 4, what is 13102013 - -1033201?
20201220
In base 13, what is -3 - -6c3456?
6c3453
In base 8, what is 3 + 13031011?
13031014
In base 14, what is -45cab - 3d?
-45d0a
In base 7, what is -2215306 + -10?
-2215316
In base 4, what is -101003002123 - -31?
-101003002032
In base 11, what is 7 - 11439890?
-11439884
In base 5, what is -4010444 - 1012?
-4012011
In base 6, what is -124445050 - -5?
-124445041
In base 13, what is 6b - -b5113c?
b511aa
In base 2, what is 101100110001001101111110 + 101?
101100110001001110000011
In base 6, what is 1041213 + 342?
1041555
In base 4, what is -1130 + 1112321213?
1112320023
In base 3, what is -1111 - 20020201202210?
-20020201211021
In base 10, what is -815843 + 105?
-815738
In base 14, what is -3368305 - -3?
-3368302
In base 15, what is cc4 - -25?
ce9
In base 5, what is -1014431233 - -32?
-1014431201
In base 10, what is -2807184 - -4?
-2807180
In base 7, what is 1 + -6122626563?
-6122626562
In base 7, what is 51350 - 1423?
46624
In base 9, what is -14 - -83607522?
83607507
In base 13, what is -1683c - -5ca?
-16242
In base 4, what is 102230221122 + -1103?
102230220013
In base 10, what is -894777 - -35?
-894742
In base 12, what is -336718 + 13?
-336705
In base 3, what is -1 + 1011012111122?
1011012111121
In base 12, what is -71193 + -242?
-71415
In base 3, what is 200121 - 2011010?
-1110112
In base 11, what is 2a7 - 13a95?
-13799
In base 7, what is 53531 + -5202?
45326
In base 12, what is -4 - -1460544?
1460540
In base 3, what is -1201122210 - -1010102?
-1200112101
In base 8, what is -604 + 710017?
707213
In base 11, what is 4968 - -22739?
275a6
In base 12, what is 0 - -4118807?
4118807
In base 2, what is 1110000111110 - 1100100000?
1100100011110
In base 4, what is 202220202123 - 1?
202220202122
In base 15, what is 1b265c8 - 2?
1b265c6
In base 12, what is 100 + 53a38?
53b38
In base 15, what is -2 + -3ca0ee?
-3ca101
In base 13, what is 1 - 1b332c7?
-1b332c6
In base 10, what is 1715 + -112321?
-110606
In base 8, what is -35 + -25321044?
-25321101
In base 5, what is -1323324000102 - 3?
-1323324000110
In base 4, what is 1213121 - -2233330?
10113111
In base 14, what is -3c + -1319a5?
-131a03
In base 4, what is 1211 - 10022302031?
-10022300220
In base 16, what is c04 + 1bec?
27f0
In base 10, what is -179058 + 4643?
-174415
In base 4, what is -10 + -111122301010102?
-111122301010112
In base 7, what is -24341501 + 533?
-24340635
In base 3, what is 2122101121 + -10111121?
2111220000
In base 16, what is 56df9e3 + -3?
56df9e0
In base 16, what is 0 - 1c131c?
-1c131c
In base 15, what is 926259 - -1?
92625a
In base 9, what is -286867 + 1161?
-285706
In base 10, what is -3580388 - -4?
-3580384
In base 7, what is -1465024 - -2621?
-1462103
In base 3, what is -1221 + -1212222221001?
-1212222222222
In base 6, what is 355 + -2213431?
-2213032
In base 16, what is -6 + -2fc8?
-2fce
In base 13, what is 83a252 - -2?
83a254
In base 11, what is 5a39 + -196?
5853
In base 2, what is 10101011000101011100 + -10010000?
10101011000011001100
In base 4, what is 120202102 - -1200320?
122003022
In base 15, what is -26744d + -8?
-267456
In base 3, what is 11 + 20012110111221?
20012110112002
In base 6, what is 5 + -33213232322?
-33213232313
In base 9, what is 15187 - 207?
14880
In base 6, what is 105 + -415255313?
-415255204
In base 9, what is -141548 - 146?
-141705
In base 6, what is 553 - 225214?
-224221
In base 11, what is -139 + 3a825?
3a697
In base 9, what is 135008 - -632?
135641
In base 6, what is -3113313 + -3330?
-3121043
In base 10, what is -735432624 - -4?
-735432620
In base 12, what is 70b60b9 - 9?
70b60b0
In base 12, what is -100 + -1b1540?
-1b1640
In base 9, what is -5 + 2002711?
2002705
In base 11, what is 449 - 30a?
13a
In base 6, what is -311232135 + 1?
-311232134
In base 11, what is -23187686 + 1?
-23187685
In base 12, what is 2 - -4355a767?
4355a769
In base 8, what is -431 + -26130?
-26561
In base 5, what is -21244430124 + -4?
-21244430133
In base 12, what is 108a8 - 11b7?
b6b1
In base 5, what is 212324 + 134302?
402131
In base 2, what is 101010110110101011 - -101101?
101010110111011000
In base 13, what is 1 + 125b35?
125b36
In base 3, what is 222001122200 + 200?
222001200100
In base 13, what is 35665 - 109?
35559
In base 10, what is 1474989 - 3?
1474986
In base 2, what is 100 + 10011111110110110100010111100?
10011111110110110100011000000
In base 3, what is -1 - -12022122002011?
12022122002010
In base 10, what is -19285 + 17793?
-1492
In base 16, what is 9f1d7 - 6?
9f1d1
In base 3, what is -102022 + -220000212111?
-220001021210
In base 5, what is 0 - 421130234?
-421130234
In base 5, what is 1021134341332 - -1?
1021134341333
In base 4, what is -313013 - -100312?
-212101
In base 11, what is 14 + -23a305?
-23a2a1
In base 16, what is 44 + 19c4?
1a08
In base 15, what is 17 - e2862?
-e284a
In base 11, what is 28560352 + 2?
28560354
In base 9, what is -44 + -888352?
-888406
In base 16, what is 2c1951d - 0?
2c1951d
In base 16, what is -86763 + 30?
-86733
In base 9, what is 80751183 - 6?
80751176
In base 4, what is -1300322113 - -2?
-1300322111
In base 7, what is 162 - 40166131?
-40165636
In base 14, what is 145 + -43325?
-431c0
In base 7, what is -12564 + 53460?
40563
In base 2, what is 100010011111111110 + 11000001100?
100010111000001010
In base 14, what is 96c5 + 241?
9926
In base 13, what is 6 + 23352469?
23352472
In base 3, what is 1000 - -120022111200000?
120022111201000
In base 12, what is -5a96 - 278a?
-8664
In base 4, what is -102020001202 - 1?
-102020001203
In base 2, what is -11000000001010100000 - 1100?
-11000000001010101100
In base 3, what is -10 + -1010002102211102?
-1010002102211112
In base 3, what is -200010100212 - 10001012?
-200020102001
In base 10, what is -1568883 - -3?
-1568880
In base 16, what is 676196e + -1?
676196d
In base 6, what is -1002 - -3051144?
3050142
In base 15, what is -163ce + 52?
-1637c
In base 8, what is 1602460643 - -2?
1602460645
In base 4, what is 3 - 310000110002?
-310000103333
In base 9, what is -73670700 + -4?
-73670704
In base 13, what is 1b - 10128?
-1010a
In base 4, what is 102012113112 + 1?
102012113113
In base 4, what is 311202 + -120201?
131001
In base 11, what is -12447 - 5621?
-17a68
In base 16, what is -fda8 + -b5?
-fe5d
In base 10, what is 21369 + 141?
21510
In base 3, what is -12222220 - -1011111022?
221111102
In base 13, what is -18a197 + -19?
-18a1b3
In base 16, what is e - -15f0c32?
15f0c40
In base 2, what is -10101001011010000 + -11111111?
-10101001111001111
In base 8, what is 167 - 742650?
-742461
In base 7, what is 211 + -460434?
-460223
In base 11, what is 302 + -189?
124
In base 11, what is 13 + 1522036?
1522049
In base 13, what is 129 - 10648?
-1051c
In base 11, what is -330a3700 + -5?
-330a3705
In base 16, what is 9f - 8602?
-8563
In base 3, what is 201210100122 - 22?
201210100100
In base 2, what is -100001101010111 + 101101111?
-100000111101000
In base 6, what is -251112222 + 0?
-251112222
In base 8, what is -62140 + 30134?
-32004
In base 16, what is 8653d - -5?
86542
In base 15, what is -13cbd - d69?
-14b37
In base 5, what is -213334012 - -412?
-213333100
In base 6, what is -1222 + -151150?
-152412
In base 6, what is 42143015 - -5?
42143024
In base 7, what is 4 + 66666456?
66666463
In base 7, what is 511530 + 3053?
514613
In base 10, what is 79138 + -2140?
76998
In base 10, what is -12001247 + 3?
-12001244
In base 12, what is -6671b - 2b?
-6674a
In base 9, what is -348 + -146707?
-147156
In base 13, what is 0 + 1226477?
1226477
In base 2, what is -111010010000101111110 - 111?
-111010010000110000101
In base 9, what is -884135 - 135?
-884271
In base 16, what is 386d9 + -264?
38475
In base 5, what is 1224 - -443434?
1000213
In base 10, what is -1519941 - 2?
-1519943
In base 14, what is 5d2 - -bca8c?
bd280
In base 15, what is -e7c2c0d + 1?
-e7c2c0c
In base 9, what is 142620474 + -1?
142620473
In base 13, what is 7b + -a258b?
-a2510
In base 8, what is 112627021 + -14?
112627005
In base 12, what is 5864a3 + -2ab?
5861b4
In base 7, what is -14243616 + 15?
-14243601
In base 12, what is -b6a - 64